divided by 56?
55
Calculate the remainder when 190 is divided by 98.
92
Calculate the remainder when 210 is divided by 203.
7
Calculate the remainder when 4721 is divided by 25.
21
Calculate the remainder when 2860 is divided by 27.
25
What is the remainder when 102 is divided by 67?
35
Calculate the remainder when 1370 is divided by 4.
2
Calculate the remainder when 141 is divided by 108.
33
What is the remainder when 58 is divided by 20?
18
What is the remainder when 10044 is divided by 51?
48
Calculate the remainder when 1253 is divided by 22.
21
Calculate the remainder when 646 is divided by 81.
79
What is the remainder when 1959 is divided by 37?
35
What is the remainder when 436 is divided by 73?
71
What is the remainder when 1046 is divided by 89?
67
What is the remainder when 976 is divided by 167?
141
Calculate the remainder when 193 is divided by 101.
92
What is the remainder when 87 is divided by 28?
3
Calculate the remainder when 893 is divided by 296.
5
What is the remainder when 1436 is divided by 90?
86
Calculate the remainder when 287 is divided by 9.
8
What is the remainder when 191 is divided by 68?
55
Calculate the remainder when 84 is divided by 18.
12
What is the remainder when 505 is divided by 16?
9
What is the remainder when 137 is divided by 10?
7
What is the remainder when 127 is divided by 42?
1
What is the remainder when 105 is divided by 40?
25
Calculate the remainder when 297 is divided by 89.
30
What is the remainder when 1565 is divided by 156?
5
Calculate the remainder when 279 is divided by 47.
44
Calculate the remainder when 650 is divided by 109.
105
Calculate the remainder when 244 is divided by 143.
101
Calculate the remainder when 165 is divided by 60.
45
Calculate the remainder when 189 is divided by 110.
79
What is the remainder when 413 is divided by 67?
11
Calculate the remainder when 170 is divided by 11.
5
What is the remainder when 63 is divided by 23?
17
Calculate the remainder when 133 is divided by 17.
14
Calculate the remainder when 143 is divided by 89.
54
What is the remainder when 2269 is divided by 323?
8
What is the remainder when 395 is divided by 66?
65
What is the remainder when 1899 is divided by 191?
180
Calculate the remainder when 1635 is divided by 10.
5
Calculate the remainder when 3296 is divided by 15.
11
Calculate the remainder when 287 is divided by 24.
23
Calculate the remainder when 29 is divided by 24.
5
Calculate the remainder when 1668 is divided by 76.
72
Calculate the remainder when 1199 is divided by 75.
74
Calculate the remainder when 287 is divided by 58.
55
Calculate the remainder when 159 is divided by 148.
11
Calculate the remainder when 8847 is divided by 4.
3
What is the remainder when 167 is divided by 28?
27
What is the remainder when 119 is divided by 63?
56
Calculate the remainder when 256 is divided by 206.
50
What is the remainder when 166 is divided by 85?
81
Calculate the remainder when 2956 is divided by 26.
18
Calculate the remainder when 282 is divided by 72.
66
Calculate the remainder when 6884 is divided by 265.
259
Calculate the remainder when 2141 is divided by 21.
20
What is the remainder when 2475 is divided by 248?
243
What is the remainder when 213 is divided by 86?
41
Calculate the remainder when 124 is divided by 7.
5
What is the remainder when 351 is divided by 5?
1
What is the remainder when 352 is divided by 38?
10
Calculate the remainder when 223 is divided by 24.
7
What is the remainder when 504 is divided by 56?
0
Calculate the remainder when 2038 is divided by 27.
13
Calculate the remainder when 4373 is divided by 18.
17
What is the remainder when 412 is divided by 106?
94
What is the remainder when 36 is divided by 27?
9
What is the remainder when 71 is divided by 5?
1
Calculate the remainder when 217 is divided by 79.
59
Calculate the remainder when 263 is divided by 24.
23
Calculate the remainder when 189 is divided by 12.
9
What is the remainder when 147 is divided by 58?
31
What is the remainder when 1327 is divided by 431?
34
Calculate the remainder when 267 is divided by 40.
27
Calculate the remainder when 805 is divided by 247.
64
Calculate the remainder when 4565 is divided by 104.
93
What is the remainder when 1034 is divided by 20?
14
What is the remainder when 161 is divided by 14?
7
Calculate the remainder when 55 is divided by 28.
27
What is the remainder when 181 is divided by 51?
28
What is the remainder when 726 is divided by 84?
54
Calculate the remainder when 338 is divided by 17.
15
Calculate the remainder when 270 is divided by 128.
14
What is the remainder when 930 is divided by 49?
48
What is the remainder when 123 is divided by 34?
21
What is the remainder when 76 is divided by 31?
14
Calculate the remainder when 169 is divided by 57.
55
Calculate the remainder when 147 is divided by 30.
27
What is the remainder when 938 is divided by 27?
20
Calculate the remainder when 647 is divided by 65.
62
Calculate the remainder when 133 is divided by 32.
5
What is the remainder when 179 is divided by 12?
11
What is the remainder when 121 is divided by 42?
37
What is the remainder when 118 is divided by 30?
28
Calculate the remainder when 54 is divided by 4.
2
Calculate the remainder when 305 is divided by 10.
5
Calculate the remainder when 194 is divided by 33.
29
Calculate the remainder when 2107 is divided by 263.
3
What is the remainder when 135 is divided by 33?
3
Calculate the remainder when 1723 is divided by 3.
1
Calculate the remainder when 3711 is divided by 58.
57
What is the remainder when 607 is divided by 290?
27
Calculate the remainder when 4614 is divided by 66.
60
Calculate the remainder when 158 is divided by 89.
69
What is the remainder when 64 is divided by 10?
4
What is the remainder when 121 is divided by 75?
46
What is the remainder when 412 is divided by 104?
100
What is the remainder when 3257 is divided by 20?
17
Calculate the remainder when 827 is divided by 12.
11
What is the remainder when 788 is divided by 66?
62
Calculate the remainder when 496 is divided by 477.
19
Calculate the remainder when 15665 is divided by 2.
1
What is the remainder when 1243 is divided by 12?
7
Calculate the remainder when 960 is divided by 46.
40
Calculate the remainder when 220 is divided by 9.
4
What is the remainder when 3821 is divided by 225?
221
Calculate the remainder when 156 is divided by 57.
42
Calculate the remainder when 143 is divided by 46.
5
What is the remainder when 291 is divided by 4?
3
What is the remainder when 1305 is divided by 80?
25
What is the remainder when 2225 is divided by 14?
13
What is the remainder when 2230 is divided by 125?
105
Calculate the remainder when 1207 is divided by 45.
37
Calculate the remainder when 6162 is divided by 92.
90
What is the remainder when 3661 is divided by 9?
7
What is the remainder when 14 is divided by 11?
3
Calculate the remainder when 197 is divided by 70.
57
What is the remainder when 8101 is divided by 21?
16
Calculate the remainder when 328 is divided by 22.
20
Calculate the remainder when 59 is divided by 21.
17
What is the remainder when 73 is divided by 14?
3
Calculate the remainder when 2889 is divided by 100.
89
What is the remainder when 955 is divided by 87?
85
Calculate the remainder when 12671 is divided by 8.
7
What is the remainder when 265 is divided by 262?
3
Calculate the remainder when 1153 is divided by 105.
103
What is the remainder when 422 is divided by 48?
38
Calculate the remainder when 313 is divided by 117.
79
What is the remainder when 3 is divided by 2?
1
What is the remainder when 17 is divided by 8?
1
What is the remainder when 164 is divided by 55?
54
What is the remainder when 1169 is divided by 18?
17
Calculate the remainder when 219 is divided by 115.
104
What is the remainder when 877 is divided by 221?
214
What is the remainder when 5807 is divided by 36?
11
Calculate the remainder when 429 is divided by 54.
51
What is the remainder when 48 is divided by 12?
0
Calculate the remainder when 3315 is divided by 83.
78
Calculate the remainder when 121 is divided by 3.
1
What is the remainder when 13 is divided by 7?
6
What is the remainder when 99 is divided by 34?
31
What is the remainder when 2666 is divided by 17